{"id":7,"date":"2014-03-28T09:16:22","date_gmt":"2014-03-28T07:16:22","guid":{"rendered":"http:\/\/cocoonkosmetik.de\/?page_id=7"},"modified":"2015-04-01T18:07:36","modified_gmt":"2015-04-01T16:07:36","slug":"zeit-die-wir-uns-nehmen-ist-zeit-die-uns-etwas-gibt","status":"publish","type":"page","link":"https:\/\/cocoonkosmetik.de\/","title":{"rendered":"Philosophie"},"content":{"rendered":"<p>Zeit die wir uns nehmen, ist Zeit die uns etwas schenkt.<\/p>\n<p>Durch sanfte und einf\u00fchlsame Ber\u00fchrungen regeneriert Ihre Haut und kann ihre Sch\u00f6nheit entfalten. Meine Behandlungen und Empfehlungen sind stets individuell auf Ihren Hauttyp abgestimmt.<\/p>\n<p>Ich verw\u00f6hne und berate Sie in einer exklusiven, privaten Atmosph\u00e4re und lege Wert auf professionell ausgef\u00fchrte Behandlungen, die den h\u00f6chsten Hygienestandards entsprechen.<\/p>\n<p>Auf Seminaren erweitere ich st\u00e4ndig mein Fachwissen und informiere mich unabh\u00e4ngig davon stetig \u00fcber neue Innovationen. So kann ich ihnen zeitnah die neuen Trends pr\u00e4sentieren.<\/p>\n<p>Mein umfangreiches Beauty- und Wellness-Programm wird unterstrichen durch meine hochwertigen Produktlinien von Dr. Rimpler und Isabelle Lancray.<\/p>\n<p>Ich freue mich auf Ihren Besuch<\/p>\n<p><a href=\"https:\/\/cocoonkosmetik.de\/wp-content\/uploads\/2015\/04\/cocoon4.png\"><img loading=\"lazy\" decoding=\"async\" class=\"alignnone wp-image-307 size-medium\" src=\"https:\/\/cocoonkosmetik.de\/wp-content\/uploads\/2015\/04\/cocoon4-300x166.png\" alt=\"\" width=\"300\" height=\"166\" srcset=\"https:\/\/cocoonkosmetik.de\/wp-content\/uploads\/2015\/04\/cocoon4-300x166.png 300w, https:\/\/cocoonkosmetik.de\/wp-content\/uploads\/2015\/04\/cocoon4.png 512w\" sizes=\"auto, (max-width: 300px) 100vw, 300px\" \/><\/a><\/p>\n","protected":false},"excerpt":{"rendered":"<p>Zeit die wir uns nehmen, ist Zeit die uns etwas schenkt. Durch sanfte und einf\u00fchlsame Ber\u00fchrungen regeneriert Ihre Haut und kann ihre Sch\u00f6nheit entfalten. Meine Behandlungen und Empfehlungen sind stets individuell auf Ihren Hauttyp abgestimmt. Ich verw\u00f6hne und berate Sie in einer exklusiven, privaten Atmosph\u00e4re und lege Wert auf professionell ausgef\u00fchrte Behandlungen, die den h\u00f6chsten [&hellip;]<\/p>\n","protected":false},"author":1,"featured_media":0,"parent":0,"menu_order":0,"comment_status":"closed","ping_status":"closed","template":"page-full-width.php","meta":{"footnotes":""},"class_list":["post-7","page","type-page","status-publish","hentry"],"_links":{"self":[{"href":"https:\/\/cocoonkosmetik.de\/index.php?rest_route=\/wp\/v2\/pages\/7","targetHints":{"allow":["GET"]}}],"collection":[{"href":"https:\/\/cocoonkosmetik.de\/index.php?rest_route=\/wp\/v2\/pages"}],"about":[{"href":"https:\/\/cocoonkosmetik.de\/index.php?rest_route=\/wp\/v2\/types\/page"}],"author":[{"embeddable":true,"href":"https:\/\/cocoonkosmetik.de\/index.php?rest_route=\/wp\/v2\/users\/1"}],"replies":[{"embeddable":true,"href":"https:\/\/cocoonkosmetik.de\/index.php?rest_route=%2Fwp%2Fv2%2Fcomments&post=7"}],"version-history":[{"count":19,"href":"https:\/\/cocoonkosmetik.de\/index.php?rest_route=\/wp\/v2\/pages\/7\/revisions"}],"predecessor-version":[{"id":310,"href":"https:\/\/cocoonkosmetik.de\/index.php?rest_route=\/wp\/v2\/pages\/7\/revisions\/310"}],"wp:attachment":[{"href":"https:\/\/cocoonkosmetik.de\/index.php?rest_route=%2Fwp%2Fv2%2Fmedia&parent=7"}],"curies":[{"name":"wp","href":"https:\/\/api.w.org\/{rel}","templated":true}]}}